{"id":137,"date":"2022-10-08T17:26:44","date_gmt":"2022-10-08T17:26:44","guid":{"rendered":"https:\/\/srebrnica.pl\/?post_type=product&#038;p=137"},"modified":"2023-06-11T18:01:15","modified_gmt":"2023-06-11T16:01:15","slug":"zestaw-meski-bransoleta-lancuch-pancerka-55-cm-srebro-925","status":"publish","type":"product","link":"https:\/\/srebrnica.pl\/index.php\/produkt\/zestaw-meski-bransoleta-lancuch-pancerka-55-cm-srebro-925\/","title":{"rendered":"Zestaw m\u0119ski bransoleta \u0142a\u0144cuch pancerka 55 cm srebro 925"},"content":{"rendered":"<p>Zestaw srebrnej bi\u017cuterii dla m\u0119\u017cczyzn<br \/>\nSrebro 925<\/p>\n<p>Bransoletka &#8211; 6 mm\/ d\u0142.20 cm<br \/>\n\u0141a\u0144cuszek &#8211; 6 mm\/d\u0142.55 cm<br \/>\nWaga: ok.32g<\/p>\n<p>Wszystkie produkty posiadaj\u0105 metki jubilerskie potwierdzaj\u0105ce autentyczno\u015b\u0107.<\/p>\n","protected":false},"excerpt":{"rendered":"<p>Zestaw srebrnej 925 bi\u017cuterii m\u0119skiej. \u0141a\u0144cuch + bransoleta.<\/p>\n","protected":false},"featured_media":138,"comment_status":"open","ping_status":"closed","template":"","meta":{"_monsterinsights_skip_tracking":false,"_monsterinsights_sitenote_active":false,"_monsterinsights_sitenote_note":"","_monsterinsights_sitenote_category":0,"_uf_show_specific_survey":0,"_uf_disable_surveys":false},"product_brand":[],"product_cat":[38,44],"product_tag":[],"class_list":{"0":"post-137","1":"product","2":"type-product","3":"status-publish","4":"has-post-thumbnail","6":"product_cat-bizuteria-meska","7":"product_cat-zestawy-bizuteria-meska","9":"first","10":"instock","11":"shipping-taxable","12":"purchasable","13":"product-type-simple"},"aioseo_notices":[],"_links":{"self":[{"href":"https:\/\/srebrnica.pl\/index.php\/wp-json\/wp\/v2\/product\/137","targetHints":{"allow":["GET"]}}],"collection":[{"href":"https:\/\/srebrnica.pl\/index.php\/wp-json\/wp\/v2\/product"}],"about":[{"href":"https:\/\/srebrnica.pl\/index.php\/wp-json\/wp\/v2\/types\/product"}],"replies":[{"embeddable":true,"href":"https:\/\/srebrnica.pl\/index.php\/wp-json\/wp\/v2\/comments?post=137"}],"wp:featuredmedia":[{"embeddable":true,"href":"https:\/\/srebrnica.pl\/index.php\/wp-json\/wp\/v2\/media\/138"}],"wp:attachment":[{"href":"https:\/\/srebrnica.pl\/index.php\/wp-json\/wp\/v2\/media?parent=137"}],"wp:term":[{"taxonomy":"product_brand","embeddable":true,"href":"https:\/\/srebrnica.pl\/index.php\/wp-json\/wp\/v2\/product_brand?post=137"},{"taxonomy":"product_cat","embeddable":true,"href":"https:\/\/srebrnica.pl\/index.php\/wp-json\/wp\/v2\/product_cat?post=137"},{"taxonomy":"product_tag","embeddable":true,"href":"https:\/\/srebrnica.pl\/index.php\/wp-json\/wp\/v2\/product_tag?post=137"}],"curies":[{"name":"wp","href":"https:\/\/api.w.org\/{rel}","templated":true}]}}