{"id":1574,"date":"2023-04-20T08:49:32","date_gmt":"2023-04-20T08:49:32","guid":{"rendered":"https:\/\/srebrnica.pl\/?post_type=product&#038;p=1574"},"modified":"2023-06-11T17:54:41","modified_gmt":"2023-06-11T15:54:41","slug":"okulary-ny-przeciwsloneczne-damskie-ombre-duze-uv-400","status":"publish","type":"product","link":"https:\/\/srebrnica.pl\/index.php\/produkt\/okulary-ny-przeciwsloneczne-damskie-ombre-duze-uv-400\/","title":{"rendered":"Okulary NY przeciws\u0142oneczne damskie ombre du\u017ce UV 400"},"content":{"rendered":"<p>Okulary przeciws\u0142oneczne- idealne na lato.<\/p>\n<p>&nbsp;<\/p>\n<p>Je\u017celi chcesz wyr\u00f3\u017cnia\u0107 si\u0119 z t\u0142umu to za\u0142\u00f3\u017c w\u0142a\u015bnie takie okulary!<\/p>\n<p>&nbsp;<\/p>\n<p>Unikatowy dodatek, kt\u00f3ry doda charakteru ka\u017cdej stylizacji!<\/p>\n<p>&nbsp;<\/p>\n<p>Wykonane z wysokiej jako\u015bci materia\u0142\u00f3w. Oprawa i zauszniki wykonane z plastiku.<\/p>\n<p>&nbsp;<\/p>\n<p>Sexy i ponadczasowe !<\/p>\n<p>&nbsp;<\/p>\n<p>Pokocha\u0142y je \u015bwiatowe fashionistki.<\/p>\n<p>&nbsp;<\/p>\n<p>Modny i bardzo lubiany kszta\u0142t okular\u00f3w. Dodatek na ka\u017cd\u0105 okazj\u0119!<\/p>\n<p>&nbsp;<\/p>\n<p>Dodatkowe informacje:<\/p>\n<p>&nbsp;<\/p>\n<p>&#8211; wykonane z wysokiej jako\u015bci materia\u0142\u00f3w<\/p>\n<p>&nbsp;<\/p>\n<p>&#8211; oprawa po cz\u0119\u015bci wykonana z metalu<\/p>\n<p>&nbsp;<\/p>\n<p>&#8211; zauszniki i &#8222;noski&#8221; wykonane z plastiku<\/p>\n<p>&nbsp;<\/p>\n<p>UV 400<\/p>\n","protected":false},"excerpt":{"rendered":"<p>Okulary przeciws\u0142oneczne- idealne na lato. &nbsp; Je\u017celi chcesz wyr\u00f3\u017cnia\u0107 si\u0119 z t\u0142umu to za\u0142\u00f3\u017c w\u0142a\u015bnie takie okulary! &nbsp; Unikatowy dodatek,&hellip;<\/p>\n","protected":false},"featured_media":1575,"comment_status":"open","ping_status":"closed","template":"","meta":{"_monsterinsights_skip_tracking":false,"_monsterinsights_sitenote_active":false,"_monsterinsights_sitenote_note":"","_monsterinsights_sitenote_category":0,"_uf_show_specific_survey":0,"_uf_disable_surveys":false},"product_brand":[],"product_cat":[50],"product_tag":[],"class_list":{"0":"post-1574","1":"product","2":"type-product","3":"status-publish","4":"has-post-thumbnail","6":"product_cat-okulary","8":"first","9":"instock","10":"shipping-taxable","11":"purchasable","12":"product-type-simple"},"aioseo_notices":[],"_links":{"self":[{"href":"https:\/\/srebrnica.pl\/index.php\/wp-json\/wp\/v2\/product\/1574","targetHints":{"allow":["GET"]}}],"collection":[{"href":"https:\/\/srebrnica.pl\/index.php\/wp-json\/wp\/v2\/product"}],"about":[{"href":"https:\/\/srebrnica.pl\/index.php\/wp-json\/wp\/v2\/types\/product"}],"replies":[{"embeddable":true,"href":"https:\/\/srebrnica.pl\/index.php\/wp-json\/wp\/v2\/comments?post=1574"}],"wp:featuredmedia":[{"embeddable":true,"href":"https:\/\/srebrnica.pl\/index.php\/wp-json\/wp\/v2\/media\/1575"}],"wp:attachment":[{"href":"https:\/\/srebrnica.pl\/index.php\/wp-json\/wp\/v2\/media?parent=1574"}],"wp:term":[{"taxonomy":"product_brand","embeddable":true,"href":"https:\/\/srebrnica.pl\/index.php\/wp-json\/wp\/v2\/product_brand?post=1574"},{"taxonomy":"product_cat","embeddable":true,"href":"https:\/\/srebrnica.pl\/index.php\/wp-json\/wp\/v2\/product_cat?post=1574"},{"taxonomy":"product_tag","embeddable":true,"href":"https:\/\/srebrnica.pl\/index.php\/wp-json\/wp\/v2\/product_tag?post=1574"}],"curies":[{"name":"wp","href":"https:\/\/api.w.org\/{rel}","templated":true}]}}