{"id":176,"date":"2022-10-13T12:50:55","date_gmt":"2022-10-13T12:50:55","guid":{"rendered":"https:\/\/srebrnica.pl\/?post_type=product&#038;p=176"},"modified":"2023-06-11T18:01:14","modified_gmt":"2023-06-11T16:01:14","slug":"duzy-zestaw-srebrnej-bizuterii-925","status":"publish","type":"product","link":"https:\/\/srebrnica.pl\/index.php\/produkt\/duzy-zestaw-srebrnej-bizuterii-925\/","title":{"rendered":"Du\u017cy zestaw srebrnej bi\u017cuterii 925"},"content":{"rendered":"<p>Du\u017cy zestaw wykonany ze srebra pr\u00f3by 925.<\/p>\n<p>Wysoka jako\u015b\u0107 A +++<\/p>\n<p style=\"text-align: left;\">W sk\u0142ad zestawu wchodz\u0105:<\/p>\n<p>Kolczyki<\/p>\n<p>Bransoletka : ok. 18 cm<\/p>\n<p><span style=\"text-align: right;\">\u0141a\u0144cuszek: ok, 46 cm<\/span><\/p>\n<p>Waga: ok 44 g<\/p>\n<p>Wszystkie produkty posiadaj\u0105 metki jubilerskie potwierdzaj\u0105ce autentyczno\u015b\u0107 i wybite pr\u00f3by.<\/p>\n<p><span style=\"text-align: right;\">\u00a0<\/span><\/p>\n","protected":false},"excerpt":{"rendered":"<p>Du\u017cy zestaw wykonany ze srebra pr\u00f3by 925. Wysoka jako\u015b\u0107 A +++ W sk\u0142ad zestawu wchodz\u0105: Kolczyki Bransoletka : ok. 18&hellip;<\/p>\n","protected":false},"featured_media":1053,"comment_status":"open","ping_status":"closed","template":"","meta":{"_monsterinsights_skip_tracking":false,"_monsterinsights_sitenote_active":false,"_monsterinsights_sitenote_note":"","_monsterinsights_sitenote_category":0,"_uf_show_specific_survey":0,"_uf_disable_surveys":false},"product_brand":[],"product_cat":[22,32],"product_tag":[],"class_list":{"0":"post-176","1":"product","2":"type-product","3":"status-publish","4":"has-post-thumbnail","6":"product_cat-bizuteria-damska","7":"product_cat-zestawy","9":"first","10":"instock","11":"sale","12":"shipping-taxable","13":"purchasable","14":"product-type-simple"},"aioseo_notices":[],"_links":{"self":[{"href":"https:\/\/srebrnica.pl\/index.php\/wp-json\/wp\/v2\/product\/176","targetHints":{"allow":["GET"]}}],"collection":[{"href":"https:\/\/srebrnica.pl\/index.php\/wp-json\/wp\/v2\/product"}],"about":[{"href":"https:\/\/srebrnica.pl\/index.php\/wp-json\/wp\/v2\/types\/product"}],"replies":[{"embeddable":true,"href":"https:\/\/srebrnica.pl\/index.php\/wp-json\/wp\/v2\/comments?post=176"}],"wp:featuredmedia":[{"embeddable":true,"href":"https:\/\/srebrnica.pl\/index.php\/wp-json\/wp\/v2\/media\/1053"}],"wp:attachment":[{"href":"https:\/\/srebrnica.pl\/index.php\/wp-json\/wp\/v2\/media?parent=176"}],"wp:term":[{"taxonomy":"product_brand","embeddable":true,"href":"https:\/\/srebrnica.pl\/index.php\/wp-json\/wp\/v2\/product_brand?post=176"},{"taxonomy":"product_cat","embeddable":true,"href":"https:\/\/srebrnica.pl\/index.php\/wp-json\/wp\/v2\/product_cat?post=176"},{"taxonomy":"product_tag","embeddable":true,"href":"https:\/\/srebrnica.pl\/index.php\/wp-json\/wp\/v2\/product_tag?post=176"}],"curies":[{"name":"wp","href":"https:\/\/api.w.org\/{rel}","templated":true}]}}