{"id":1809,"date":"2023-05-16T10:06:17","date_gmt":"2023-05-16T08:06:17","guid":{"rendered":"https:\/\/srebrnica.pl\/?post_type=product&#038;p=1809"},"modified":"2023-06-11T17:54:06","modified_gmt":"2023-06-11T15:54:06","slug":"kolczyki-srebrne-kola-damskie-925-prezent","status":"publish","type":"product","link":"https:\/\/srebrnica.pl\/index.php\/produkt\/kolczyki-srebrne-kola-damskie-925-prezent\/","title":{"rendered":"Kolczyki srebrne ko\u0142a damskie 925 prezent"},"content":{"rendered":"<p>Te eleganckie kolczyki s\u0105 wykonane z wysokiej jako\u015bci srebra 925.<\/p>\n<p>Ich minimalistyczny design sprawia, \u017ce pasuj\u0105 do ka\u017cdej stylizacji i okazji, od codziennych, casualowych po bardziej eleganckie i wieczorowe.<\/p>\n<p>Kolczyki s\u0105 lekkie i por\u0119czne, co sprawia, \u017ce noszenie ich jest bardzo wygodne. Nie s\u0105 te\u017c zbyt du\u017ce, co sprawia, \u017ce nie przyt\u0142aczaj\u0105 twarzy i sprawiaj\u0105, \u017ce ucho wydaje si\u0119 d\u0142u\u017csze i smuklejsze.<\/p>\n<p>&nbsp;<\/p>\n<p>To pi\u0119kne akcesoria, kt\u00f3re doskonale sprawdz\u0105 si\u0119 jako prezent dla bliskiej osoby lub dodatek do Twojej kolekcji bi\u017cuterii.<\/p>\n<p>Ze wzgl\u0119du na swoj\u0105 bezczasow\u0105 elegancj\u0119, mog\u0105 pos\u0142u\u017cy\u0107 przez wiele lat i stanowi\u0105 inwestycj\u0119 w Tw\u00f3j styl.<\/p>\n<p>Zapraszamy do zam\u00f3wie\u0144 i cieszenia si\u0119 pi\u0119knem tych kolczyk\u00f3w na w\u0142asnej sk\u00f3rze!<\/p>\n<p>&nbsp;<\/p>\n<p>Kolczyki posiadaj\u0105 wybit\u0105 pr\u00f3b\u0119 925 oraz metki jubilerskie.<\/p>\n<p>Waga: ok. 9 g<\/p>\n<p>Szeroko\u015b\u0107: 4 cm<\/p>\n","protected":false},"excerpt":{"rendered":"<p>Te eleganckie kolczyki s\u0105 wykonane z wysokiej jako\u015bci srebra 925. Ich minimalistyczny design sprawia, \u017ce pasuj\u0105 do ka\u017cdej stylizacji i&hellip;<\/p>\n","protected":false},"featured_media":1813,"comment_status":"open","ping_status":"closed","template":"","meta":{"_monsterinsights_skip_tracking":false,"_monsterinsights_sitenote_active":false,"_monsterinsights_sitenote_note":"","_monsterinsights_sitenote_category":0,"_uf_show_specific_survey":0,"_uf_disable_surveys":false},"product_brand":[],"product_cat":[48],"product_tag":[],"class_list":{"0":"post-1809","1":"product","2":"type-product","3":"status-publish","4":"has-post-thumbnail","6":"product_cat-kolczyki","8":"first","9":"instock","10":"sale","11":"shipping-taxable","12":"purchasable","13":"product-type-simple"},"aioseo_notices":[],"_links":{"self":[{"href":"https:\/\/srebrnica.pl\/index.php\/wp-json\/wp\/v2\/product\/1809","targetHints":{"allow":["GET"]}}],"collection":[{"href":"https:\/\/srebrnica.pl\/index.php\/wp-json\/wp\/v2\/product"}],"about":[{"href":"https:\/\/srebrnica.pl\/index.php\/wp-json\/wp\/v2\/types\/product"}],"replies":[{"embeddable":true,"href":"https:\/\/srebrnica.pl\/index.php\/wp-json\/wp\/v2\/comments?post=1809"}],"wp:featuredmedia":[{"embeddable":true,"href":"https:\/\/srebrnica.pl\/index.php\/wp-json\/wp\/v2\/media\/1813"}],"wp:attachment":[{"href":"https:\/\/srebrnica.pl\/index.php\/wp-json\/wp\/v2\/media?parent=1809"}],"wp:term":[{"taxonomy":"product_brand","embeddable":true,"href":"https:\/\/srebrnica.pl\/index.php\/wp-json\/wp\/v2\/product_brand?post=1809"},{"taxonomy":"product_cat","embeddable":true,"href":"https:\/\/srebrnica.pl\/index.php\/wp-json\/wp\/v2\/product_cat?post=1809"},{"taxonomy":"product_tag","embeddable":true,"href":"https:\/\/srebrnica.pl\/index.php\/wp-json\/wp\/v2\/product_tag?post=1809"}],"curies":[{"name":"wp","href":"https:\/\/api.w.org\/{rel}","templated":true}]}}