{"id":484,"date":"2022-11-11T14:14:51","date_gmt":"2022-11-11T14:14:51","guid":{"rendered":"https:\/\/srebrnica.pl\/?post_type=product&#038;p=484"},"modified":"2023-06-11T17:59:18","modified_gmt":"2023-06-11T15:59:18","slug":"komplet-srebrny-sygnet-pierscionek-naszyjnik","status":"publish","type":"product","link":"https:\/\/srebrnica.pl\/index.php\/produkt\/komplet-srebrny-sygnet-pierscionek-naszyjnik\/","title":{"rendered":"Komplet srebrny sygnet pier\u015bcionek naszyjnik"},"content":{"rendered":"<p>Wszystkie produkty posiadaj\u0105 metki jubilerskie potwierdzaj\u0105ce autentyczno\u015b\u0107.<\/p>\n<p>Klasyczny zestaw srebrnej bi\u017cuterii damskiej.<\/p>\n<p>W sk\u0142ad zestawu wchodz\u0105:<\/p>\n<p>\u0141a\u0144cuszek<\/p>\n<p>Przywieszka<\/p>\n<p>Kolczyki<\/p>\n<p>Produkt wykonany ze srebra pr\u00f3by 925.<\/p>\n<p>Waga: 11 g<\/p>\n<p>Wszystkie produkty posiadaj\u0105 metki jubilerskie potwierdzaj\u0105ce autentyczno\u015b\u0107.<\/p>\n<p>&nbsp;<\/p>\n","protected":false},"excerpt":{"rendered":"<p>Wszystkie produkty posiadaj\u0105 metki jubilerskie potwierdzaj\u0105ce autentyczno\u015b\u0107. Klasyczny zestaw srebrnej bi\u017cuterii damskiej. W sk\u0142ad zestawu wchodz\u0105: \u0141a\u0144cuszek Przywieszka Kolczyki Produkt&hellip;<\/p>\n","protected":false},"featured_media":485,"comment_status":"open","ping_status":"closed","template":"","meta":{"_monsterinsights_skip_tracking":false,"_monsterinsights_sitenote_active":false,"_monsterinsights_sitenote_note":"","_monsterinsights_sitenote_category":0,"_uf_show_specific_survey":0,"_uf_disable_surveys":false},"product_brand":[],"product_cat":[22,32],"product_tag":[],"class_list":{"0":"post-484","1":"product","2":"type-product","3":"status-publish","4":"has-post-thumbnail","6":"product_cat-bizuteria-damska","7":"product_cat-zestawy","9":"first","10":"instock","11":"shipping-taxable","12":"purchasable","13":"product-type-simple"},"aioseo_notices":[],"_links":{"self":[{"href":"https:\/\/srebrnica.pl\/index.php\/wp-json\/wp\/v2\/product\/484","targetHints":{"allow":["GET"]}}],"collection":[{"href":"https:\/\/srebrnica.pl\/index.php\/wp-json\/wp\/v2\/product"}],"about":[{"href":"https:\/\/srebrnica.pl\/index.php\/wp-json\/wp\/v2\/types\/product"}],"replies":[{"embeddable":true,"href":"https:\/\/srebrnica.pl\/index.php\/wp-json\/wp\/v2\/comments?post=484"}],"wp:featuredmedia":[{"embeddable":true,"href":"https:\/\/srebrnica.pl\/index.php\/wp-json\/wp\/v2\/media\/485"}],"wp:attachment":[{"href":"https:\/\/srebrnica.pl\/index.php\/wp-json\/wp\/v2\/media?parent=484"}],"wp:term":[{"taxonomy":"product_brand","embeddable":true,"href":"https:\/\/srebrnica.pl\/index.php\/wp-json\/wp\/v2\/product_brand?post=484"},{"taxonomy":"product_cat","embeddable":true,"href":"https:\/\/srebrnica.pl\/index.php\/wp-json\/wp\/v2\/product_cat?post=484"},{"taxonomy":"product_tag","embeddable":true,"href":"https:\/\/srebrnica.pl\/index.php\/wp-json\/wp\/v2\/product_tag?post=484"}],"curies":[{"name":"wp","href":"https:\/\/api.w.org\/{rel}","templated":true}]}}