{"id":626,"date":"2022-11-21T14:27:41","date_gmt":"2022-11-21T14:27:41","guid":{"rendered":"https:\/\/srebrnica.pl\/?post_type=product&#038;p=626"},"modified":"2023-06-11T17:58:35","modified_gmt":"2023-06-11T15:58:35","slug":"bransoletka-meska-pancerka-6-mam-20-cm-prezent","status":"publish","type":"product","link":"https:\/\/srebrnica.pl\/index.php\/produkt\/bransoletka-meska-pancerka-6-mam-20-cm-prezent\/","title":{"rendered":"Bransoletka m\u0119ska pancerka 6 mam 20 cm prezent"},"content":{"rendered":"<p>M\u0119ska bransoletka tzw. pancerka.<\/p>\n<p>Szeroko\u015b\u0107: 6 mam<\/p>\n<p>D\u0142ugo\u015b\u0107: 20 cm<\/p>\n<p>Waga: ok. 8,2 g<\/p>\n<p>Materia\u0142: srebro 925<\/p>\n<p>Wszystkie produkty posiadaj\u0105 metki jubilerskie potwierdzaj\u0105ce autentyczno\u015b\u0107.<\/p>\n","protected":false},"excerpt":{"rendered":"<p>M\u0119ska bransoletka tzw. pancerka. Szeroko\u015b\u0107: 6 mam D\u0142ugo\u015b\u0107: 20 cm Waga: ok. 8,2 g Materia\u0142: srebro 925 Wszystkie produkty posiadaj\u0105&hellip;<\/p>\n","protected":false},"featured_media":630,"comment_status":"open","ping_status":"closed","template":"","meta":{"_monsterinsights_skip_tracking":false,"_monsterinsights_sitenote_active":false,"_monsterinsights_sitenote_note":"","_monsterinsights_sitenote_category":0,"_uf_show_specific_survey":0,"_uf_disable_surveys":false},"product_brand":[],"product_cat":[38,39],"product_tag":[],"class_list":{"0":"post-626","1":"product","2":"type-product","3":"status-publish","4":"has-post-thumbnail","6":"product_cat-bizuteria-meska","7":"product_cat-brasoletki","9":"first","10":"instock","11":"shipping-taxable","12":"purchasable","13":"product-type-simple"},"aioseo_notices":[],"_links":{"self":[{"href":"https:\/\/srebrnica.pl\/index.php\/wp-json\/wp\/v2\/product\/626","targetHints":{"allow":["GET"]}}],"collection":[{"href":"https:\/\/srebrnica.pl\/index.php\/wp-json\/wp\/v2\/product"}],"about":[{"href":"https:\/\/srebrnica.pl\/index.php\/wp-json\/wp\/v2\/types\/product"}],"replies":[{"embeddable":true,"href":"https:\/\/srebrnica.pl\/index.php\/wp-json\/wp\/v2\/comments?post=626"}],"wp:featuredmedia":[{"embeddable":true,"href":"https:\/\/srebrnica.pl\/index.php\/wp-json\/wp\/v2\/media\/630"}],"wp:attachment":[{"href":"https:\/\/srebrnica.pl\/index.php\/wp-json\/wp\/v2\/media?parent=626"}],"wp:term":[{"taxonomy":"product_brand","embeddable":true,"href":"https:\/\/srebrnica.pl\/index.php\/wp-json\/wp\/v2\/product_brand?post=626"},{"taxonomy":"product_cat","embeddable":true,"href":"https:\/\/srebrnica.pl\/index.php\/wp-json\/wp\/v2\/product_cat?post=626"},{"taxonomy":"product_tag","embeddable":true,"href":"https:\/\/srebrnica.pl\/index.php\/wp-json\/wp\/v2\/product_tag?post=626"}],"curies":[{"name":"wp","href":"https:\/\/api.w.org\/{rel}","templated":true}]}}