{"id":725,"date":"2022-11-30T13:48:30","date_gmt":"2022-11-30T13:48:30","guid":{"rendered":"https:\/\/srebrnica.pl\/?post_type=product&#038;p=725"},"modified":"2023-06-11T17:58:03","modified_gmt":"2023-06-11T15:58:03","slug":"obraczka-pierscionek-usa-6-mis-tous-prezent-kopia","status":"publish","type":"product","link":"https:\/\/srebrnica.pl\/index.php\/produkt\/obraczka-pierscionek-usa-6-mis-tous-prezent-kopia\/","title":{"rendered":"Obr\u0105czka pier\u015bcionek USA 6 mi\u015b Tous prezent (Kopia)"},"content":{"rendered":"<p>Srebrna obr\u0105czka z motywem misia, inspirowana Tous.<\/p>\n<p>Rozmiar:\u00a0 6 USA (tabela na zdj\u0119ciu)<\/p>\n<p>Waga: ok. 1,8 g<\/p>\n<p>Materia\u0142: srebro 925<\/p>\n<p>Wszystkie produkty posiadaj\u0105 metki jubilerskie potwierdzaj\u0105ce autentyczno\u015b\u0107.<\/p>\n","protected":false},"excerpt":{"rendered":"<p>Srebrna obr\u0105czka z motywem misia, inspirowana Tous. Rozmiar:\u00a0 6 USA (tabela na zdj\u0119ciu) Waga: ok. 1,8 g Materia\u0142: srebro 925&hellip;<\/p>\n","protected":false},"featured_media":717,"comment_status":"open","ping_status":"closed","template":"","meta":{"_monsterinsights_skip_tracking":false,"_monsterinsights_sitenote_active":false,"_monsterinsights_sitenote_note":"","_monsterinsights_sitenote_category":0,"_uf_show_specific_survey":0,"_uf_disable_surveys":false},"product_brand":[],"product_cat":[22,23],"product_tag":[],"class_list":{"0":"post-725","1":"product","2":"type-product","3":"status-publish","4":"has-post-thumbnail","6":"product_cat-bizuteria-damska","7":"product_cat-pierscionki","9":"first","10":"instock","11":"shipping-taxable","12":"purchasable","13":"product-type-simple"},"aioseo_notices":[],"_links":{"self":[{"href":"https:\/\/srebrnica.pl\/index.php\/wp-json\/wp\/v2\/product\/725","targetHints":{"allow":["GET"]}}],"collection":[{"href":"https:\/\/srebrnica.pl\/index.php\/wp-json\/wp\/v2\/product"}],"about":[{"href":"https:\/\/srebrnica.pl\/index.php\/wp-json\/wp\/v2\/types\/product"}],"replies":[{"embeddable":true,"href":"https:\/\/srebrnica.pl\/index.php\/wp-json\/wp\/v2\/comments?post=725"}],"wp:featuredmedia":[{"embeddable":true,"href":"https:\/\/srebrnica.pl\/index.php\/wp-json\/wp\/v2\/media\/717"}],"wp:attachment":[{"href":"https:\/\/srebrnica.pl\/index.php\/wp-json\/wp\/v2\/media?parent=725"}],"wp:term":[{"taxonomy":"product_brand","embeddable":true,"href":"https:\/\/srebrnica.pl\/index.php\/wp-json\/wp\/v2\/product_brand?post=725"},{"taxonomy":"product_cat","embeddable":true,"href":"https:\/\/srebrnica.pl\/index.php\/wp-json\/wp\/v2\/product_cat?post=725"},{"taxonomy":"product_tag","embeddable":true,"href":"https:\/\/srebrnica.pl\/index.php\/wp-json\/wp\/v2\/product_tag?post=725"}],"curies":[{"name":"wp","href":"https:\/\/api.w.org\/{rel}","templated":true}]}}