{"id":846,"date":"2022-12-02T12:00:08","date_gmt":"2022-12-02T12:00:08","guid":{"rendered":"https:\/\/srebrnica.pl\/?post_type=product&#038;p=846"},"modified":"2023-06-11T17:57:33","modified_gmt":"2023-06-11T15:57:33","slug":"kolczyki-kola-plecione-srebrne-925-prezent","status":"publish","type":"product","link":"https:\/\/srebrnica.pl\/index.php\/produkt\/kolczyki-kola-plecione-srebrne-925-prezent\/","title":{"rendered":"Kolczyki ko\u0142a plecione srebrne 925 prezent"},"content":{"rendered":"<p>Srebrne kolczyki ko\u0142a, z efektem plecionki.<\/p>\n<p>Materia\u0142: srebro 925<\/p>\n<p>Waga: ok. 9 g<\/p>\n<p>Szeroko\u015b\u0107: ok, 3 cm<\/p>\n<p>Wszystkie produkty posiadaj\u0105 metki jubilerskie potwierdzaj\u0105ce autentyczno\u015b\u0107 oraz wybit\u0105 pr\u00f3b\u0119 925.<\/p>\n","protected":false},"excerpt":{"rendered":"<p>Srebrne kolczyki ko\u0142a, z efektem plecionki. Materia\u0142: srebro 925 Waga: ok. 9 g Szeroko\u015b\u0107: ok, 3 cm Wszystkie produkty posiadaj\u0105&hellip;<\/p>\n","protected":false},"featured_media":1837,"comment_status":"open","ping_status":"closed","template":"","meta":{"_monsterinsights_skip_tracking":false,"_monsterinsights_sitenote_active":false,"_monsterinsights_sitenote_note":"","_monsterinsights_sitenote_category":0,"_uf_show_specific_survey":0,"_uf_disable_surveys":false},"product_brand":[],"product_cat":[22,48],"product_tag":[],"class_list":{"0":"post-846","1":"product","2":"type-product","3":"status-publish","4":"has-post-thumbnail","6":"product_cat-bizuteria-damska","7":"product_cat-kolczyki","9":"first","10":"instock","11":"shipping-taxable","12":"purchasable","13":"product-type-simple"},"aioseo_notices":[],"_links":{"self":[{"href":"https:\/\/srebrnica.pl\/index.php\/wp-json\/wp\/v2\/product\/846","targetHints":{"allow":["GET"]}}],"collection":[{"href":"https:\/\/srebrnica.pl\/index.php\/wp-json\/wp\/v2\/product"}],"about":[{"href":"https:\/\/srebrnica.pl\/index.php\/wp-json\/wp\/v2\/types\/product"}],"replies":[{"embeddable":true,"href":"https:\/\/srebrnica.pl\/index.php\/wp-json\/wp\/v2\/comments?post=846"}],"wp:featuredmedia":[{"embeddable":true,"href":"https:\/\/srebrnica.pl\/index.php\/wp-json\/wp\/v2\/media\/1837"}],"wp:attachment":[{"href":"https:\/\/srebrnica.pl\/index.php\/wp-json\/wp\/v2\/media?parent=846"}],"wp:term":[{"taxonomy":"product_brand","embeddable":true,"href":"https:\/\/srebrnica.pl\/index.php\/wp-json\/wp\/v2\/product_brand?post=846"},{"taxonomy":"product_cat","embeddable":true,"href":"https:\/\/srebrnica.pl\/index.php\/wp-json\/wp\/v2\/product_cat?post=846"},{"taxonomy":"product_tag","embeddable":true,"href":"https:\/\/srebrnica.pl\/index.php\/wp-json\/wp\/v2\/product_tag?post=846"}],"curies":[{"name":"wp","href":"https:\/\/api.w.org\/{rel}","templated":true}]}}